{"id":3371,"date":"2021-12-20T22:11:22","date_gmt":"2021-12-20T21:11:22","guid":{"rendered":"https:\/\/fbb-rbb.com\/?page_id=3371"},"modified":"2026-03-16T15:10:16","modified_gmt":"2026-03-16T14:10:16","slug":"programme-2022","status":"publish","type":"page","link":"https:\/\/fbb-rbb.com\/index.php\/programme-2022\/","title":{"rendered":"PROGRAMME"},"content":{"rendered":"\t\t<div data-elementor-type=\"wp-page\" data-elementor-id=\"3371\" class=\"elementor elementor-3371\" data-elementor-settings=\"[]\">\n\t\t\t\t\t\t<div class=\"elementor-inner\">\n\t\t\t\t\t\t\t<div class=\"elementor-section-wrap\">\n\t\t\t\t\t\t\t<section class=\"elementor-section elementor-top-section elementor-element elementor-element-47211254 elementor-section-stretched elementor-section-full_width elementor-section-content-middle elementor-section-height-default elementor-section-height-default\" data-id=\"47211254\" data-element_type=\"section\" data-settings=\"{&quot;stretch_section&quot;:&quot;section-stretched&quot;}\">\n\t\t\t\t\t\t<div class=\"elementor-container elementor-column-gap-no\">\n\t\t\t\t\t\t\t<div class=\"elementor-row\">\n\t\t\t\t\t<div class=\"elementor-column elementor-col-33 elementor-top-column elementor-element elementor-element-f93983d animated-fast elementor-invisible\" data-id=\"f93983d\" data-element_type=\"column\" data-settings=\"{&quot;background_background&quot;:&quot;classic&quot;,&quot;animation&quot;:&quot;fadeInLeft&quot;}\">\n\t\t\t<div class=\"elementor-column-wrap elementor-element-populated\">\n\t\t\t\t\t\t\t<div class=\"elementor-widget-wrap\">\n\t\t\t\t\t\t<div class=\"elementor-element elementor-element-783b5d6 elementor-widget elementor-widget-image\" data-id=\"783b5d6\" data-element_type=\"widget\" data-widget_type=\"image.default\">\n\t\t\t\t<div class=\"elementor-widget-container\">\n\t\t\t\t\t\t\t\t<div class=\"elementor-image\">\n\t\t\t\t\t\t\t\t\t\t\t\t\t<a href=\"https:\/\/forms.gle\/YNC28r3gppY6XMFy5\">\n\t\t\t\t\t\t\t<img loading=\"lazy\" decoding=\"async\" width=\"1131\" height=\"1600\" src=\"https:\/\/fbb-rbb.com\/wp-content\/uploads\/2026\/03\/5d45434d-a31d-4faa-9f52-4e696fcc58d6.jpg\" class=\"attachment-full size-full\" alt=\"\" srcset=\"https:\/\/fbb-rbb.com\/wp-content\/uploads\/2026\/03\/5d45434d-a31d-4faa-9f52-4e696fcc58d6.jpg 1131w, https:\/\/fbb-rbb.com\/wp-content\/uploads\/2026\/03\/5d45434d-a31d-4faa-9f52-4e696fcc58d6-212x300.jpg 212w, https:\/\/fbb-rbb.com\/wp-content\/uploads\/2026\/03\/5d45434d-a31d-4faa-9f52-4e696fcc58d6-724x1024.jpg 724w, https:\/\/fbb-rbb.com\/wp-content\/uploads\/2026\/03\/5d45434d-a31d-4faa-9f52-4e696fcc58d6-768x1086.jpg 768w, https:\/\/fbb-rbb.com\/wp-content\/uploads\/2026\/03\/5d45434d-a31d-4faa-9f52-4e696fcc58d6-1086x1536.jpg 1086w, https:\/\/fbb-rbb.com\/wp-content\/uploads\/2026\/03\/5d45434d-a31d-4faa-9f52-4e696fcc58d6-600x849.jpg 600w\" sizes=\"auto, (max-width: 1131px) 100vw, 1131px\" \/>\t\t\t\t\t\t\t\t<\/a>\n\t\t\t\t\t\t\t\t\t\t\t\t\t\t<\/div>\n\t\t\t\t\t\t<\/div>\n\t\t\t\t<\/div>\n\t\t\t\t<div class=\"elementor-element elementor-element-66412e1 elementor-widget elementor-widget-image\" data-id=\"66412e1\" data-element_type=\"widget\" data-widget_type=\"image.default\">\n\t\t\t\t<div class=\"elementor-widget-container\">\n\t\t\t\t\t\t\t\t<div class=\"elementor-image\">\n\t\t\t\t\t\t\t\t\t\t\t\t<img loading=\"lazy\" decoding=\"async\" width=\"1131\" height=\"1600\" src=\"https:\/\/fbb-rbb.com\/wp-content\/uploads\/2026\/03\/Espace-Josue-Event-04-04.jpg\" class=\"attachment-full size-full\" alt=\"\" srcset=\"https:\/\/fbb-rbb.com\/wp-content\/uploads\/2026\/03\/Espace-Josue-Event-04-04.jpg 1131w, https:\/\/fbb-rbb.com\/wp-content\/uploads\/2026\/03\/Espace-Josue-Event-04-04-212x300.jpg 212w, https:\/\/fbb-rbb.com\/wp-content\/uploads\/2026\/03\/Espace-Josue-Event-04-04-724x1024.jpg 724w, https:\/\/fbb-rbb.com\/wp-content\/uploads\/2026\/03\/Espace-Josue-Event-04-04-768x1086.jpg 768w, https:\/\/fbb-rbb.com\/wp-content\/uploads\/2026\/03\/Espace-Josue-Event-04-04-1086x1536.jpg 1086w, https:\/\/fbb-rbb.com\/wp-content\/uploads\/2026\/03\/Espace-Josue-Event-04-04-600x849.jpg 600w\" sizes=\"auto, (max-width: 1131px) 100vw, 1131px\" \/>\t\t\t\t\t\t\t\t\t\t\t\t\t\t<\/div>\n\t\t\t\t\t\t<\/div>\n\t\t\t\t<\/div>\n\t\t\t\t\t\t<\/div>\n\t\t\t\t\t<\/div>\n\t\t<\/div>\n\t\t\t\t<div class=\"elementor-column elementor-col-33 elementor-top-column elementor-element elementor-element-1b86108 animated-fast elementor-invisible\" data-id=\"1b86108\" data-element_type=\"column\" data-settings=\"{&quot;background_background&quot;:&quot;classic&quot;,&quot;animation&quot;:&quot;fadeInLeft&quot;}\">\n\t\t\t<div class=\"elementor-column-wrap elementor-element-populated\">\n\t\t\t\t\t\t\t<div class=\"elementor-widget-wrap\">\n\t\t\t\t\t\t<div class=\"elementor-element elementor-element-23c151f elementor-widget elementor-widget-image\" data-id=\"23c151f\" data-element_type=\"widget\" data-widget_type=\"image.default\">\n\t\t\t\t<div class=\"elementor-widget-container\">\n\t\t\t\t\t\t\t\t<div class=\"elementor-image\">\n\t\t\t\t\t\t\t\t\t\t\t\t\t<a href=\"https:\/\/forms.gle\/YNC28r3gppY6XMFy5\">\n\t\t\t\t\t\t\t<img loading=\"lazy\" decoding=\"async\" width=\"1131\" height=\"1600\" src=\"https:\/\/fbb-rbb.com\/wp-content\/uploads\/2026\/03\/CDE26-Visuel.jpg\" class=\"attachment-full size-full\" alt=\"\" srcset=\"https:\/\/fbb-rbb.com\/wp-content\/uploads\/2026\/03\/CDE26-Visuel.jpg 1131w, https:\/\/fbb-rbb.com\/wp-content\/uploads\/2026\/03\/CDE26-Visuel-212x300.jpg 212w, https:\/\/fbb-rbb.com\/wp-content\/uploads\/2026\/03\/CDE26-Visuel-724x1024.jpg 724w, https:\/\/fbb-rbb.com\/wp-content\/uploads\/2026\/03\/CDE26-Visuel-768x1086.jpg 768w, https:\/\/fbb-rbb.com\/wp-content\/uploads\/2026\/03\/CDE26-Visuel-1086x1536.jpg 1086w, https:\/\/fbb-rbb.com\/wp-content\/uploads\/2026\/03\/CDE26-Visuel-600x849.jpg 600w\" sizes=\"auto, (max-width: 1131px) 100vw, 1131px\" \/>\t\t\t\t\t\t\t\t<\/a>\n\t\t\t\t\t\t\t\t\t\t\t\t\t\t<\/div>\n\t\t\t\t\t\t<\/div>\n\t\t\t\t<\/div>\n\t\t\t\t<div class=\"elementor-element elementor-element-8f46b07 elementor-widget elementor-widget-image\" data-id=\"8f46b07\" data-element_type=\"widget\" data-widget_type=\"image.default\">\n\t\t\t\t<div class=\"elementor-widget-container\">\n\t\t\t\t\t\t\t\t<div class=\"elementor-image\">\n\t\t\t\t\t\t\t\t\t\t\t\t<img loading=\"lazy\" decoding=\"async\" width=\"1131\" height=\"1600\" src=\"https:\/\/fbb-rbb.com\/wp-content\/uploads\/2026\/03\/Planning-CDE26.jpg\" class=\"attachment-full size-full\" alt=\"\" srcset=\"https:\/\/fbb-rbb.com\/wp-content\/uploads\/2026\/03\/Planning-CDE26.jpg 1131w, https:\/\/fbb-rbb.com\/wp-content\/uploads\/2026\/03\/Planning-CDE26-212x300.jpg 212w, https:\/\/fbb-rbb.com\/wp-content\/uploads\/2026\/03\/Planning-CDE26-724x1024.jpg 724w, https:\/\/fbb-rbb.com\/wp-content\/uploads\/2026\/03\/Planning-CDE26-768x1086.jpg 768w, https:\/\/fbb-rbb.com\/wp-content\/uploads\/2026\/03\/Planning-CDE26-1086x1536.jpg 1086w, https:\/\/fbb-rbb.com\/wp-content\/uploads\/2026\/03\/Planning-CDE26-600x849.jpg 600w\" sizes=\"auto, (max-width: 1131px) 100vw, 1131px\" \/>\t\t\t\t\t\t\t\t\t\t\t\t\t\t<\/div>\n\t\t\t\t\t\t<\/div>\n\t\t\t\t<\/div>\n\t\t\t\t\t\t<\/div>\n\t\t\t\t\t<\/div>\n\t\t<\/div>\n\t\t\t\t<div class=\"elementor-column elementor-col-33 elementor-top-column elementor-element elementor-element-1d268396\" data-id=\"1d268396\" data-element_type=\"column\">\n\t\t\t<div class=\"elementor-column-wrap elementor-element-populated\">\n\t\t\t\t\t\t\t<div class=\"elementor-widget-wrap\">\n\t\t\t\t\t\t<section class=\"elementor-section elementor-inner-section elementor-element elementor-element-639ed248 elementor-section-boxed elementor-section-height-default elementor-section-height-default\" data-id=\"639ed248\" data-element_type=\"section\">\n\t\t\t\t\t\t<div class=\"elementor-container elementor-column-gap-default\">\n\t\t\t\t\t\t\t<div class=\"elementor-row\">\n\t\t\t\t\t<div class=\"elementor-column elementor-col-100 elementor-inner-column elementor-element elementor-element-162ee766\" data-id=\"162ee766\" data-element_type=\"column\">\n\t\t\t<div class=\"elementor-column-wrap elementor-element-populated\">\n\t\t\t\t\t\t\t<div class=\"elementor-widget-wrap\">\n\t\t\t\t\t\t<div class=\"elementor-element elementor-element-6a4d93ba elementor-invisible elementor-widget elementor-widget-heading\" data-id=\"6a4d93ba\" data-element_type=\"widget\" data-settings=\"{&quot;_animation&quot;:&quot;fadeIn&quot;}\" data-widget_type=\"heading.default\">\n\t\t\t\t<div class=\"elementor-widget-container\">\n\t\t\t<h2 class=\"elementor-heading-title elementor-size-default\">Calendrier des activit\u00e9s<\/h2>\t\t<\/div>\n\t\t\t\t<\/div>\n\t\t\t\t<div class=\"elementor-element elementor-element-658869af elementor-widget elementor-widget-spacer\" data-id=\"658869af\" data-element_type=\"widget\" data-widget_type=\"spacer.default\">\n\t\t\t\t<div class=\"elementor-widget-container\">\n\t\t\t\t\t<div class=\"elementor-spacer\">\n\t\t\t<div class=\"elementor-spacer-inner\"><\/div>\n\t\t<\/div>\n\t\t\t\t<\/div>\n\t\t\t\t<\/div>\n\t\t\t\t<div class=\"elementor-element elementor-element-6918202 elementor-invisible elementor-widget elementor-widget-heading\" data-id=\"6918202\" data-element_type=\"widget\" data-settings=\"{&quot;_animation&quot;:&quot;fadeIn&quot;}\" data-widget_type=\"heading.default\">\n\t\t\t\t<div class=\"elementor-widget-container\">\n\t\t\t<h4 class=\"elementor-heading-title elementor-size-default\">\u00eates-vous pr\u00eats?<\/h4>\t\t<\/div>\n\t\t\t\t<\/div>\n\t\t\t\t<div class=\"elementor-element elementor-element-40694975 elementor-invisible elementor-widget elementor-widget-text-editor\" data-id=\"40694975\" data-element_type=\"widget\" data-settings=\"{&quot;_animation&quot;:&quot;fadeIn&quot;}\" data-widget_type=\"text-editor.default\">\n\t\t\t\t<div class=\"elementor-widget-container\">\n\t\t\t\t\t\t\t\t<div class=\"elementor-text-editor elementor-clearfix\">\n\t\t\t\t<p>Que ce soit le Congr\u00e8s des entrepreneurs (CDE), le Festival Biso Basi (FBB), une Info-session, une Master Class (MC), un Atelier Bien-Etre (ABE), un Workshop pour d\u00e9velopper vos projets, du R\u00e9seautage (Networking), &#8230; d\u00e9couvrez nos activit\u00e9s &#8230;\u00a0<\/p>\t\t\t\t\t<\/div>\n\t\t\t\t\t\t<\/div>\n\t\t\t\t<\/div>\n\t\t\t\t<div class=\"elementor-element elementor-element-ab0d3f5 elementor-flip-box--effect-push elementor-flip-box--direction-up elementor-invisible elementor-widget elementor-widget-flip-box\" data-id=\"ab0d3f5\" data-element_type=\"widget\" data-settings=\"{&quot;_animation&quot;:&quot;fadeInUp&quot;}\" data-widget_type=\"flip-box.default\">\n\t\t\t\t<div class=\"elementor-widget-container\">\n\t\t\t\t\t<div class=\"elementor-flip-box\">\n\t\t\t<div class=\"elementor-flip-box__layer elementor-flip-box__front\">\n\t\t\t\t<div class=\"elementor-flip-box__layer__overlay\">\n\t\t\t\t\t<div class=\"elementor-flip-box__layer__inner\">\n\t\t\t\t\t\t\n\t\t\t\t\t\t\t\t\t\t\t\t\t<h3 class=\"elementor-flip-box__layer__title\">\n\t\t\t\t\t\t\t\tINFO-SESSIONS & R\u00c9SEAUTAGE\t\t\t\t\t\t\t<\/h3>\n\t\t\t\t\t\t\n\t\t\t\t\t\t\t\t\t\t\t\t\t<div class=\"elementor-flip-box__layer__description\">\n\t\t\t\t\t\t\t\tEn pr\u00e9sentiel ou en ligne\n <br>\t\t\t\t\t\t\t<\/div>\n\t\t\t\t\t\t\t\t\t\t\t<\/div>\n\t\t\t\t<\/div>\n\t\t\t<\/div>\n\t\t\t<div class=\"elementor-flip-box__layer elementor-flip-box__back\">\n\t\t\t<div class=\"elementor-flip-box__layer__overlay\">\n\t\t\t\t<div class=\"elementor-flip-box__layer__inner\">\n\t\t\t\t\t\n\t\t\t\t\t\t\t\t\t\t\t<div class=\"elementor-flip-box__layer__description\">\n\t\t\t\t\t\t\t\n<br> \n<br> \nSur inscription\t\t\t\t\t\t<\/div>\n\t\t\t\t\t\n\t\t\t\t\t\t\t\t\t\t\t<a class=\"elementor-flip-box__button elementor-button elementor-size-sm\" href=\"https:\/\/forms.gle\/YNC28r3gppY6XMFy5\">\n\t\t\t\t\t\tici\t\t\t\t\t\t<\/a>\n\t\t\t\t\t\t\t\t<\/div>\n\t\t<\/div>\n\t\t<\/div>\n\t\t<\/div>\n\t\t\t\t<\/div>\n\t\t\t\t<\/div>\n\t\t\t\t<div class=\"elementor-element elementor-element-f5b79bd elementor-flip-box--effect-push elementor-flip-box--direction-up elementor-invisible elementor-widget elementor-widget-flip-box\" data-id=\"f5b79bd\" data-element_type=\"widget\" data-settings=\"{&quot;_animation&quot;:&quot;fadeInUp&quot;}\" data-widget_type=\"flip-box.default\">\n\t\t\t\t<div class=\"elementor-widget-container\">\n\t\t\t\t\t<div class=\"elementor-flip-box\">\n\t\t\t<div class=\"elementor-flip-box__layer elementor-flip-box__front\">\n\t\t\t\t<div class=\"elementor-flip-box__layer__overlay\">\n\t\t\t\t\t<div class=\"elementor-flip-box__layer__inner\">\n\t\t\t\t\t\t\n\t\t\t\t\t\t\t\t\t\t\t\t\t<h3 class=\"elementor-flip-box__layer__title\">\n\t\t\t\t\t\t\t\tWORKSHOP  <br> MASTERCLASS <br> FORMATIONS\t\t\t\t\t\t\t<\/h3>\n\t\t\t\t\t\t\n\t\t\t\t\t\t\t\t\t\t\t\t\t<div class=\"elementor-flip-box__layer__description\">\n\t\t\t\t\t\t\t\tEn pr\u00e9sentiel ou en ligne <br> \t\t\t\t\t\t\t<\/div>\n\t\t\t\t\t\t\t\t\t\t\t<\/div>\n\t\t\t\t<\/div>\n\t\t\t<\/div>\n\t\t\t<div class=\"elementor-flip-box__layer elementor-flip-box__back\">\n\t\t\t<div class=\"elementor-flip-box__layer__overlay\">\n\t\t\t\t<div class=\"elementor-flip-box__layer__inner\">\n\t\t\t\t\t\n\t\t\t\t\t\t\t\t\t\t\t<div class=\"elementor-flip-box__layer__description\">\n\t\t\t\t\t\t\t\n<br> \n<br> \nSur inscription\t\t\t\t\t\t<\/div>\n\t\t\t\t\t\n\t\t\t\t\t\t\t\t\t\t\t<a class=\"elementor-flip-box__button elementor-button elementor-size-sm\" href=\"https:\/\/forms.gle\/YNC28r3gppY6XMFy5\">\n\t\t\t\t\t\tICI\t\t\t\t\t\t<\/a>\n\t\t\t\t\t\t\t\t<\/div>\n\t\t<\/div>\n\t\t<\/div>\n\t\t<\/div>\n\t\t\t\t<\/div>\n\t\t\t\t<\/div>\n\t\t\t\t<div class=\"elementor-element elementor-element-730984f elementor-flip-box--effect-push elementor-flip-box--direction-up elementor-invisible elementor-widget elementor-widget-flip-box\" data-id=\"730984f\" data-element_type=\"widget\" data-settings=\"{&quot;_animation&quot;:&quot;fadeInUp&quot;}\" data-widget_type=\"flip-box.default\">\n\t\t\t\t<div class=\"elementor-widget-container\">\n\t\t\t\t\t<div class=\"elementor-flip-box\">\n\t\t\t<div class=\"elementor-flip-box__layer elementor-flip-box__front\">\n\t\t\t\t<div class=\"elementor-flip-box__layer__overlay\">\n\t\t\t\t\t<div class=\"elementor-flip-box__layer__inner\">\n\t\t\t\t\t\t\n\t\t\t\t\t\t\t\t\t\t\t\t\t<h3 class=\"elementor-flip-box__layer__title\">\n\t\t\t\t\t\t\t\tWORKSHOP  <br> MASTERCLASS <br> FORMATIONS\t\t\t\t\t\t\t<\/h3>\n\t\t\t\t\t\t\n\t\t\t\t\t\t\t\t\t\t\t\t\t<div class=\"elementor-flip-box__layer__description\">\n\t\t\t\t\t\t\t\tEn pr\u00e9sentiel ou en ligne <br> \t\t\t\t\t\t\t<\/div>\n\t\t\t\t\t\t\t\t\t\t\t<\/div>\n\t\t\t\t<\/div>\n\t\t\t<\/div>\n\t\t\t<div class=\"elementor-flip-box__layer elementor-flip-box__back\">\n\t\t\t<div class=\"elementor-flip-box__layer__overlay\">\n\t\t\t\t<div class=\"elementor-flip-box__layer__inner\">\n\t\t\t\t\t\n\t\t\t\t\t\t\t\t\t\t\t<div class=\"elementor-flip-box__layer__description\">\n\t\t\t\t\t\t\t\n<br> \n<br> \nSur inscription\t\t\t\t\t\t<\/div>\n\t\t\t\t\t\n\t\t\t\t\t\t\t\t\t\t\t<a class=\"elementor-flip-box__button elementor-button elementor-size-sm\" href=\"https:\/\/forms.gle\/YNC28r3gppY6XMFy5\">\n\t\t\t\t\t\tICI\t\t\t\t\t\t<\/a>\n\t\t\t\t\t\t\t\t<\/div>\n\t\t<\/div>\n\t\t<\/div>\n\t\t<\/div>\n\t\t\t\t<\/div>\n\t\t\t\t<\/div>\n\t\t\t\t\t\t<\/div>\n\t\t\t\t\t<\/div>\n\t\t<\/div>\n\t\t\t\t\t\t\t\t<\/div>\n\t\t\t\t\t<\/div>\n\t\t<\/section>\n\t\t\t\t\t\t<\/div>\n\t\t\t\t\t<\/div>\n\t\t<\/div>\n\t\t\t\t\t\t\t\t<\/div>\n\t\t\t\t\t<\/div>\n\t\t<\/section>\n\t\t\t\t\t\t<\/div>\n\t\t\t\t\t\t<\/div>\n\t\t\t\t\t<\/div>\n\t\t","protected":false},"excerpt":{"rendered":"<p>Calendrier des activit\u00e9s \u00eates-vous pr\u00eats? Que ce soit le Congr\u00e8s des entrepreneurs (CDE), le Festival Biso Basi (FBB), une Info-session, une Master Class (MC), un Atelier Bien-Etre (ABE), un Workshop [&hellip;]<\/p>\n","protected":false},"author":2,"featured_media":0,"parent":0,"menu_order":0,"comment_status":"closed","ping_status":"closed","template":"elementor_header_footer","meta":{"footnotes":""},"class_list":["post-3371","page","type-page","status-publish","hentry"],"yoast_head":"<!-- This site is optimized with the Yoast SEO plugin v18.0 - https:\/\/yoast.com\/wordpress\/plugins\/seo\/ -->\n<title>PROGRAMME - R\u00e9seau Biso Basi<\/title>\n<meta name=\"robots\" content=\"index, follow, max-snippet:-1, max-image-preview:large, max-video-preview:-1\" \/>\n<link rel=\"canonical\" href=\"https:\/\/fbb-rbb.com\/index.php\/programme-2022\/\" \/>\n<meta property=\"og:locale\" content=\"en_US\" \/>\n<meta property=\"og:type\" content=\"article\" \/>\n<meta property=\"og:title\" content=\"PROGRAMME - R\u00e9seau Biso Basi\" \/>\n<meta property=\"og:description\" content=\"Calendrier des activit\u00e9s \u00eates-vous pr\u00eats? Que ce soit le Congr\u00e8s des entrepreneurs (CDE), le Festival Biso Basi (FBB), une Info-session, une Master Class (MC), un Atelier Bien-Etre (ABE), un Workshop [&hellip;]\" \/>\n<meta property=\"og:url\" content=\"https:\/\/fbb-rbb.com\/index.php\/programme-2022\/\" \/>\n<meta property=\"og:site_name\" content=\"R\u00e9seau Biso Basi\" \/>\n<meta property=\"article:modified_time\" content=\"2026-03-16T14:10:16+00:00\" \/>\n<meta property=\"og:image\" content=\"https:\/\/fbb-rbb.com\/wp-content\/uploads\/2026\/03\/5d45434d-a31d-4faa-9f52-4e696fcc58d6.jpg\" \/>\n<meta name=\"twitter:card\" content=\"summary_large_image\" \/>\n<meta name=\"twitter:label1\" content=\"Est. reading time\" \/>\n\t<meta name=\"twitter:data1\" content=\"1 minute\" \/>\n<script type=\"application\/ld+json\" class=\"yoast-schema-graph\">{\"@context\":\"https:\/\/schema.org\",\"@graph\":[{\"@type\":\"WebSite\",\"@id\":\"https:\/\/fbb-rbb.com\/#website\",\"url\":\"https:\/\/fbb-rbb.com\/\",\"name\":\"R\u00e9seau Biso Basi\",\"description\":\"R\u00e9seau BISO BASI\",\"potentialAction\":[{\"@type\":\"SearchAction\",\"target\":{\"@type\":\"EntryPoint\",\"urlTemplate\":\"https:\/\/fbb-rbb.com\/?s={search_term_string}\"},\"query-input\":\"required name=search_term_string\"}],\"inLanguage\":\"en-US\"},{\"@type\":\"ImageObject\",\"@id\":\"https:\/\/fbb-rbb.com\/index.php\/programme-2022\/#primaryimage\",\"inLanguage\":\"en-US\",\"url\":\"https:\/\/fbb-rbb.com\/wp-content\/uploads\/2026\/03\/5d45434d-a31d-4faa-9f52-4e696fcc58d6.jpg\",\"contentUrl\":\"https:\/\/fbb-rbb.com\/wp-content\/uploads\/2026\/03\/5d45434d-a31d-4faa-9f52-4e696fcc58d6.jpg\",\"width\":1131,\"height\":1600},{\"@type\":\"WebPage\",\"@id\":\"https:\/\/fbb-rbb.com\/index.php\/programme-2022\/#webpage\",\"url\":\"https:\/\/fbb-rbb.com\/index.php\/programme-2022\/\",\"name\":\"PROGRAMME - R\u00e9seau Biso Basi\",\"isPartOf\":{\"@id\":\"https:\/\/fbb-rbb.com\/#website\"},\"primaryImageOfPage\":{\"@id\":\"https:\/\/fbb-rbb.com\/index.php\/programme-2022\/#primaryimage\"},\"datePublished\":\"2021-12-20T21:11:22+00:00\",\"dateModified\":\"2026-03-16T14:10:16+00:00\",\"breadcrumb\":{\"@id\":\"https:\/\/fbb-rbb.com\/index.php\/programme-2022\/#breadcrumb\"},\"inLanguage\":\"en-US\",\"potentialAction\":[{\"@type\":\"ReadAction\",\"target\":[\"https:\/\/fbb-rbb.com\/index.php\/programme-2022\/\"]}]},{\"@type\":\"BreadcrumbList\",\"@id\":\"https:\/\/fbb-rbb.com\/index.php\/programme-2022\/#breadcrumb\",\"itemListElement\":[{\"@type\":\"ListItem\",\"position\":1,\"name\":\"Home\",\"item\":\"https:\/\/fbb-rbb.com\/\"},{\"@type\":\"ListItem\",\"position\":2,\"name\":\"PROGRAMME\"}]}]}<\/script>\n<!-- \/ Yoast SEO plugin. -->","yoast_head_json":{"title":"PROGRAMME - R\u00e9seau Biso Basi","robots":{"index":"index","follow":"follow","max-snippet":"max-snippet:-1","max-image-preview":"max-image-preview:large","max-video-preview":"max-video-preview:-1"},"canonical":"https:\/\/fbb-rbb.com\/index.php\/programme-2022\/","og_locale":"en_US","og_type":"article","og_title":"PROGRAMME - R\u00e9seau Biso Basi","og_description":"Calendrier des activit\u00e9s \u00eates-vous pr\u00eats? Que ce soit le Congr\u00e8s des entrepreneurs (CDE), le Festival Biso Basi (FBB), une Info-session, une Master Class (MC), un Atelier Bien-Etre (ABE), un Workshop [&hellip;]","og_url":"https:\/\/fbb-rbb.com\/index.php\/programme-2022\/","og_site_name":"R\u00e9seau Biso Basi","article_modified_time":"2026-03-16T14:10:16+00:00","og_image":[{"url":"https:\/\/fbb-rbb.com\/wp-content\/uploads\/2026\/03\/5d45434d-a31d-4faa-9f52-4e696fcc58d6.jpg"}],"twitter_card":"summary_large_image","twitter_misc":{"Est. reading time":"1 minute"},"schema":{"@context":"https:\/\/schema.org","@graph":[{"@type":"WebSite","@id":"https:\/\/fbb-rbb.com\/#website","url":"https:\/\/fbb-rbb.com\/","name":"R\u00e9seau Biso Basi","description":"R\u00e9seau BISO BASI","potentialAction":[{"@type":"SearchAction","target":{"@type":"EntryPoint","urlTemplate":"https:\/\/fbb-rbb.com\/?s={search_term_string}"},"query-input":"required name=search_term_string"}],"inLanguage":"en-US"},{"@type":"ImageObject","@id":"https:\/\/fbb-rbb.com\/index.php\/programme-2022\/#primaryimage","inLanguage":"en-US","url":"https:\/\/fbb-rbb.com\/wp-content\/uploads\/2026\/03\/5d45434d-a31d-4faa-9f52-4e696fcc58d6.jpg","contentUrl":"https:\/\/fbb-rbb.com\/wp-content\/uploads\/2026\/03\/5d45434d-a31d-4faa-9f52-4e696fcc58d6.jpg","width":1131,"height":1600},{"@type":"WebPage","@id":"https:\/\/fbb-rbb.com\/index.php\/programme-2022\/#webpage","url":"https:\/\/fbb-rbb.com\/index.php\/programme-2022\/","name":"PROGRAMME - R\u00e9seau Biso Basi","isPartOf":{"@id":"https:\/\/fbb-rbb.com\/#website"},"primaryImageOfPage":{"@id":"https:\/\/fbb-rbb.com\/index.php\/programme-2022\/#primaryimage"},"datePublished":"2021-12-20T21:11:22+00:00","dateModified":"2026-03-16T14:10:16+00:00","breadcrumb":{"@id":"https:\/\/fbb-rbb.com\/index.php\/programme-2022\/#breadcrumb"},"inLanguage":"en-US","potentialAction":[{"@type":"ReadAction","target":["https:\/\/fbb-rbb.com\/index.php\/programme-2022\/"]}]},{"@type":"BreadcrumbList","@id":"https:\/\/fbb-rbb.com\/index.php\/programme-2022\/#breadcrumb","itemListElement":[{"@type":"ListItem","position":1,"name":"Home","item":"https:\/\/fbb-rbb.com\/"},{"@type":"ListItem","position":2,"name":"PROGRAMME"}]}]}},"_links":{"self":[{"href":"https:\/\/fbb-rbb.com\/index.php\/wp-json\/wp\/v2\/pages\/3371","targetHints":{"allow":["GET"]}}],"collection":[{"href":"https:\/\/fbb-rbb.com\/index.php\/wp-json\/wp\/v2\/pages"}],"about":[{"href":"https:\/\/fbb-rbb.com\/index.php\/wp-json\/wp\/v2\/types\/page"}],"author":[{"embeddable":true,"href":"https:\/\/fbb-rbb.com\/index.php\/wp-json\/wp\/v2\/users\/2"}],"replies":[{"embeddable":true,"href":"https:\/\/fbb-rbb.com\/index.php\/wp-json\/wp\/v2\/comments?post=3371"}],"version-history":[{"count":539,"href":"https:\/\/fbb-rbb.com\/index.php\/wp-json\/wp\/v2\/pages\/3371\/revisions"}],"predecessor-version":[{"id":5816,"href":"https:\/\/fbb-rbb.com\/index.php\/wp-json\/wp\/v2\/pages\/3371\/revisions\/5816"}],"wp:attachment":[{"href":"https:\/\/fbb-rbb.com\/index.php\/wp-json\/wp\/v2\/media?parent=3371"}],"curies":[{"name":"wp","href":"https:\/\/api.w.org\/{rel}","templated":true}]}}